{"id":83,"date":"2018-11-05T11:56:11","date_gmt":"2018-11-05T11:56:11","guid":{"rendered":"http:\/\/www.cargalogistica.pe\/website\/?page_id=83"},"modified":"2018-11-05T11:56:11","modified_gmt":"2018-11-05T11:56:11","slug":"datos-utiles","status":"publish","type":"page","link":"https:\/\/www.cargalogistica.pe\/website\/datos-utiles\/","title":{"rendered":"Datos \u00datiles"},"content":{"rendered":"<p>Tiene por objetivo facilitar la informaci\u00f3n de documentos \u00fatiles para la importaci\u00f3n y exportaci\u00f3n.<\/p>\n","protected":false},"excerpt":{"rendered":"<p>Tiene por objetivo facilitar la informaci\u00f3n de documentos \u00fatiles para la importaci\u00f3n y exportaci\u00f3n.<\/p>\n","protected":false},"author":1,"featured_media":0,"parent":0,"menu_order":4,"comment_status":"closed","ping_status":"closed","template":"","meta":{"footnotes":""},"class_list":["post-83","page","type-page","status-publish","hentry","nodate","item-wrap"],"_links":{"self":[{"href":"https:\/\/www.cargalogistica.pe\/website\/wp-json\/wp\/v2\/pages\/83","targetHints":{"allow":["GET"]}}],"collection":[{"href":"https:\/\/www.cargalogistica.pe\/website\/wp-json\/wp\/v2\/pages"}],"about":[{"href":"https:\/\/www.cargalogistica.pe\/website\/wp-json\/wp\/v2\/types\/page"}],"author":[{"embeddable":true,"href":"https:\/\/www.cargalogistica.pe\/website\/wp-json\/wp\/v2\/users\/1"}],"replies":[{"embeddable":true,"href":"https:\/\/www.cargalogistica.pe\/website\/wp-json\/wp\/v2\/comments?post=83"}],"version-history":[{"count":1,"href":"https:\/\/www.cargalogistica.pe\/website\/wp-json\/wp\/v2\/pages\/83\/revisions"}],"predecessor-version":[{"id":84,"href":"https:\/\/www.cargalogistica.pe\/website\/wp-json\/wp\/v2\/pages\/83\/revisions\/84"}],"wp:attachment":[{"href":"https:\/\/www.cargalogistica.pe\/website\/wp-json\/wp\/v2\/media?parent=83"}],"curies":[{"name":"wp","href":"https:\/\/api.w.org\/{rel}","templated":true}]}}