{"id":98,"date":"2018-11-05T12:25:54","date_gmt":"2018-11-05T12:25:54","guid":{"rendered":"http:\/\/www.cargalogistica.pe\/website\/?page_id=98"},"modified":"2019-08-23T21:14:45","modified_gmt":"2019-08-23T21:14:45","slug":"contactenos","status":"publish","type":"page","link":"https:\/\/www.cargalogistica.pe\/website\/contactenos\/","title":{"rendered":"Cont\u00e1ctenos"},"content":{"rendered":"<p>&nbsp;<\/p>\n<table style=\"height: 480px;\" width=\"608\">\n<tbody>\n<tr>\n<td width=\"40%\"><span style=\"color: #0066ff;\"><strong>Solicitud de Informaci\u00f3n.<\/strong><\/span><\/p>\n<p><span style=\"display: inline !important; float: none; background-color: transparent; color: #333333; cursor: text; font-family: 'Libre Franklin','Helvetica Neue',helvetica,arial,sans-serif; font-size: 16px; font-style: normal; font-variant: normal; font-weight: 400; letter-spacing: normal; orphans: 2; text-align: left; text-decoration: none; text-indent: 0px; text-transform: none; -webkit-text-stroke-width: 0px; white-space: normal; word-spacing: 0px;\">Su opini\u00f3n es muy importante para nosotros. Si tiene alguna duda o quiere mayor informaci\u00f3n de nuestros servicios por favor diligencie el siguiente formulario y nos pondremos en contacto con usted lo antes posible. Muchas gracias.<\/span><\/p>\n<p>[contact-form-7 id=\u00bb94&#8243; title=\u00bbFormulario de contacto 1&#8243;]<\/p>\n<h4><strong>CARGA &amp; LOG\u00cdSTICA PERU S.A.C.<\/strong><\/h4>\n<p>Calle Mart\u00edn de Murua N\u00b0 150 Of. 702<br \/>\nSan Miguel, Lima, Per\u00fa<\/p>\n<p><strong>Tel\u00e9fonos:<\/strong><\/p>\n<p>Telf: +51-1-4797196 \/\u00a0+51-1-6064006<\/p>\n<p>Phone: 981083842<\/p>\n<p>+51-1-998239831<\/p>\n<p>+51-1-998706077<\/td>\n<\/tr>\n<\/tbody>\n<\/table>\n<p>&nbsp;<\/p>\n","protected":false},"excerpt":{"rendered":"<p>&nbsp; Solicitud de Informaci\u00f3n. Su opini\u00f3n es muy importante para nosotros. Si tiene alguna duda o quiere mayor informaci\u00f3n de nuestros servicios por favor diligencie el siguiente formulario y nos pondremos en contacto con usted lo antes posible. Muchas gracias. [contact-form-7 id=\u00bb94&#8243; title=\u00bbFormulario de contacto 1&#8243;] CARGA &amp; LOG\u00cdSTICA PERU S.A.C. Calle Mart\u00edn de Murua &hellip; <\/p>\n<p><a class=\"more-link btn\" href=\"https:\/\/www.cargalogistica.pe\/website\/contactenos\/\">Seguir leyendo<\/a><\/p>\n","protected":false},"author":1,"featured_media":0,"parent":0,"menu_order":6,"comment_status":"closed","ping_status":"closed","template":"","meta":{"footnotes":""},"class_list":["post-98","page","type-page","status-publish","hentry","nodate","item-wrap"],"_links":{"self":[{"href":"https:\/\/www.cargalogistica.pe\/website\/wp-json\/wp\/v2\/pages\/98","targetHints":{"allow":["GET"]}}],"collection":[{"href":"https:\/\/www.cargalogistica.pe\/website\/wp-json\/wp\/v2\/pages"}],"about":[{"href":"https:\/\/www.cargalogistica.pe\/website\/wp-json\/wp\/v2\/types\/page"}],"author":[{"embeddable":true,"href":"https:\/\/www.cargalogistica.pe\/website\/wp-json\/wp\/v2\/users\/1"}],"replies":[{"embeddable":true,"href":"https:\/\/www.cargalogistica.pe\/website\/wp-json\/wp\/v2\/comments?post=98"}],"version-history":[{"count":10,"href":"https:\/\/www.cargalogistica.pe\/website\/wp-json\/wp\/v2\/pages\/98\/revisions"}],"predecessor-version":[{"id":176,"href":"https:\/\/www.cargalogistica.pe\/website\/wp-json\/wp\/v2\/pages\/98\/revisions\/176"}],"wp:attachment":[{"href":"https:\/\/www.cargalogistica.pe\/website\/wp-json\/wp\/v2\/media?parent=98"}],"curies":[{"name":"wp","href":"https:\/\/api.w.org\/{rel}","templated":true}]}}